*a, 5*x + 180 = 5*a. What is the greatest common factor of a and m?
13
Suppose 2*u + 4 = 0, 2*l - 4*u + 16 = 44. What is the greatest common factor of 170 and l?
10
Let x = -23 + 23. Suppose -4*a + x*a + 120 = 0. Calculate the highest common factor of a and 10.
10
Suppose v = -0*v + 28. Suppose -i - w - 6 = -2*i, 3*w = -6. Suppose 3*r + 12 = i*r - g, 53 = 4*r - 5*g. What is the highest common factor of v and r?
7
Let h = -8 - -11. Let z = 10 - h. Calculate the greatest common factor of z and 77.
7
Let x be 10/(0 - 4/(-6)). Let s = 22 - x. Let v be 28/(-6)*(-18)/s. What is the greatest common divisor of 6 and v?
6
Let d(n) = 2*n - 14. Let f be d(10). Let z(j) = -j**3 - 5*j**2 - 4*j + 4. Let y be z(-4). Calculate the greatest common divisor of y and f.
2
Suppose 4*v + 4*b = 3*v - 1, -4*b = 8. Suppose 5*u = -5*p + 95, 5*p - 3*u - 115 = 2*u. Calculate the highest common divisor of p and v.
7
Suppose -4*r = -2 + 42. Let l be 5/25 - 8/r. Calculate the greatest common factor of l and 3.
1
Let i be (1 - 35/25)*-35. Calculate the greatest common factor of i and 14.
14
Let c(v) = 12 + 3*v - 2*v - 2*v. Let i be c(0). Calculate the highest common divisor of i and 12.
12
Let o(k) be the third derivative of -k**4/2 - 5*k**3/6 + k**2. Let b be o(-5). What is the highest common divisor of b and 22?
11
Let q = -2 + 0. Let w be 0 - 10/(q/1). Let n be w*24/10*2. Calculate the highest common factor of n and 60.
12
Let f be (-1378)/(-6) - (-40)/30. Calculate the highest common divisor of 33 and f.
33
Let l = 67 + -35. What is the highest common factor of l and 8?
8
Let p be (-6)/15 - (-2110)/25. Calculate the highest common factor of 21 and p.
21
Let s be ((-3)/(-9))/(1*(-3)/(-63)). What is the highest common factor of s and 14?
7
Let s be (-4 + (-1)/(-1))*6/(-9). Suppose 2*w + 28 = 4*w. Suppose -3*j + w = 4*k, 8 = s*j + k + 2. What is the highest common divisor of j and 4?
2
Let h = -22 + 37. Suppose 5*g + h = 5*s, 5*s = -4*g - 0*g + 33. Let q = -28 - -44. Calculate the highest common factor of g and q.
2
Let v(d) = 36*d - 3. Let b be v(3). Suppose -3*f + 0*f = -b. Suppose 3*j - 4*q - 19 = 31, 3*q = -5*j + f. Calculate the highest common divisor of 25 and j.
5
Suppose -2*t + 4 = -6. Suppose 3*c - 17 = -2*b, t*c - 23 = b + b. Let i be (0 - -8) + b/1. Calculate the greatest common factor of i and 36.
9
Let c be (14/4)/((-4)/(-8))*3. What is the highest common factor of c and 42?
21
Let l(v) = -v**3 - v + 25. Let d be l(0). Suppose -5*j + 5*t + d = 0, -5*j + 19 = -t - 14. Calculate the greatest common factor of j and 56.
7
Let q be (-2)/(6/(-75))*1. Let m = -15 + q. What is the greatest common factor of m and 30?
10
Let j be 32*2/4*2. What is the greatest common factor of 8 and j?
8
Let x be ((-154)/(-4))/(7/14). What is the greatest common factor of 11 and x?
11
Let d be (140/(-15))/(6/(-9)). Calculate the greatest common factor of 7 and d.
7
Let o = 314 + -202. Let f be (84/30)/((-2)/(-10)). Calculate the highest common divisor of o and f.
14
Suppose 0 = -4*g - 4*l + 5*l + 116, 3*g - 64 = -5*l. What is the highest common divisor of 70 and g?
14
Let j(w) = w**2 - 11*w + 32. Let q be j(8). What is the highest common divisor of 20 and q?
4
Suppose -21 - 14 = -p. What is the greatest common factor of p and 5?
5
Suppose -5*t = -36 - 39. Let c be (-2)/(-3) + 65/t. Suppose c*v - 8 = 3*v. What is the highest common divisor of 8 and v?
4
Let z(u) = 10*u. Let w be z(1). Let b = w + -1. What is the highest common divisor of 99 and b?
9
Suppose 56 = 5*h - 19. What is the greatest common divisor of h and 45?
15
Let o = -13 - -23. Let q be 2 + -3 + (2 - 1). Suppose q*i + 280 = 4*i. Calculate the greatest common divisor of o and i.
10
Let p be 177/2 - 3/(-6). Let f = -59 + p. What is the highest common divisor of f and 10?
10
Suppose 0 = -7*a + 3*a - 12, 5*x = 3*a + 149. Suppose c + c - 29 = 3*k, 0 = -c - 2*k - 3. What is the highest common factor of x and c?
7
Let x = 1325 + -758. Suppose 0*i = -3*i + x. Let k = 27 + -6. What is the greatest common divisor of k and i?
21
Let d be (-128)/(-6) + (-16)/(-24). Calculate the greatest common divisor of d and 66.
22
Let z be (-2)/(-8) + (-952)/(-32). What is the greatest common divisor of 6 and z?
6
Suppose 0 = -4*p + 225 - 89. Let n = -13 + p. Let v = 18 - 11. What is the highest common factor of v and n?
7
Let f(i) = 6*i**2 + 2*i. Let y be f(4). Suppose -3*k = 5*r - 612, -r = -0*k - 4*k - y. Calculate the greatest common factor of r and 15.
15
Suppose 13*h = 33*h - 540. What is the greatest common factor of h and 27?
27
Let c be (1/((-10)/(-32)))/((-6)/(-15)). Calculate the highest common factor of 12 and c.
4
Let c(q) = 2*q**2 - 2*q + 0*q - 6*q**2 - 3*q**3. Suppose 4 = -4*l - 4*j, -7*j = -5*l - 2*j - 15. Let w be c(l). What is the highest common factor of w and 12?
12
Suppose 4*a - 6*h - 52 = -2*h, 4*a + h = 77. Let p be 43 + 4/(-2 + 4). What is the highest common factor of p and a?
9
Let x(r) = 3 + 1 + 0*r**2 + 5*r + 2*r**2 - 3*r**2. Let t be x(5). Calculate the highest common divisor of t and 12.
4
Let u be (-2)/4*(-30)/3. Let v be (-1 - 3/(-3)) + 2. Suppose -6*b + v*b = -2*q - 34, -u*b + 41 = -3*q. What is the greatest common divisor of 90 and b?
10
Let l(p) = -6 + 13 - 3*p**2 + 4*p**2 - 6*p. Let n be l(6). Let x be (26/(-39))/(4/(-294)). What is the greatest common factor of x and n?
7
Let f(g) be the first derivative of 10*g**3/3 + 1. Let z be f(-1). Calculate the greatest common divisor of z and 4.
2
Suppose 3 - 15 = -3*h - 3*a, -h = -2*a - 7. Let t(w) = 3*w**2 + w - 4. Let u be t(-3). Calculate the greatest common divisor of h and u.
5
Let p be (3/6)/((-2)/(-152)). Let g = p - 26. What is the greatest common factor of 84 and g?
12
Let l be (-1 + -29)/(2/2). Let t be (0 - 2) + l/(-3). What is the highest common factor of 40 and t?
8
Suppose -111 = -5*h + 284. Suppose y + 2 - h = 0. What is the greatest common divisor of 11 and y?
11
Suppose 0 = -5*b - 4*m - 14, m = -4*b - 2*m - 11. Let y be (18/4)/(b/(-40)). Let t = 32 - 14. What is the greatest common factor of y and t?
18
Let h be (-75)/5 + 4/2. Let u be ((-10)/(-7))/(h/(-91)). Calculate the highest common divisor of 80 and u.
10
Let f(n) = -5*n**3 + n**2 + n + 2. Let x be f(-2). What is the greatest common divisor of x and 11?
11
Let p(m) = 9*m**2 - 1. Suppose 5*t - 3*d - 11 = 0, 2*t + 1 = -3*d - 3. Let n be p(t). What is the greatest common factor of 64 and n?
8
Let t(p) = -p**3 + 3*p**2 + 2*p + 3. Let q be t(3). Let u = 4 + -3. Calculate the highest common divisor of u and q.
1
Let y(n) = 3*n. Let i be y(6). Calculate the greatest common divisor of i and 6.
6
Let l = 897 + -109. Suppose -r + 242 = -3*y + l, 5*r - 728 = -4*y. Let f = y + -70. What is the highest common divisor of f and 16?
16
Suppose -4*x = -38 - 18. Suppose 1 = 5*l - x. What is the greatest common divisor of 12 and l?
3
Suppose -6*j + 100 = -j. Suppose u + 4*u - 34 = -4*o, 2*u = 4*o - j. Calculate the highest common factor of o and 6.
6
Suppose 0 = 4*s + 10 + 74. Let t = -10 - s. What is the greatest common divisor of 33 and t?
11
Let i(r) = 14*r**3 + 2*r**2 - 4*r + 3. Let z be i(2). Suppose -z = -g + 5*w, -4*w + 0*w = 3*g - 288. What is the greatest common factor of g and 40?
20
Let r = 51 + -31. What is the greatest common divisor of r and 40?
20
Let k = 1 + -2. Let w be 8/2*(43 - k). What is the highest common factor of w and 22?
22
Let v(a) = -a**2 + a + 9. Let y be v(0). Let u(d) = -1 - 1 - 19*d**3 + 1 - 9*d**3. Let f be u(-1). Calculate the greatest common factor of y and f.
9
Suppose -135 = -5*p + 5*x, 7*p - 4*p = 4*x + 77. Calculate the greatest common divisor of 186 and p.
31
Let s = -15 - -8. Let y be 116/(-14) + (-2)/s. Let k = 13 + y. What is the highest common factor of 40 and k?
5
Let q = 0 - -8. Let r(j) = -j - 1. Let f be r(-6). Suppose -f*d = -d - 352. Calculate the highest common factor of q and d.
8
Let x be (-4 - -3 - 0)*-13. Let i = x - -4. Let r be (306/(-8))/(3/(-8)). Calculate the greatest common factor of i and r.
17
Let j(h) = h**3 + 4*h**2 - 2*h. Let g be j(-5). Let y = 9 + g. Let n be 4/(-6)*y + 0. What is the highest common divisor of 4 and n?
4
Let p be -1 + (-1 - (-286 - 2)). Suppose -5*q - p = -3*l + 59, 366 = 3*l + 2*q. What is the highest common divisor of 15 and l?